{"id":64,"date":"2016-07-01T15:05:29","date_gmt":"2016-07-01T13:05:29","guid":{"rendered":"https:\/\/dden33.org\/arcachon-sud\/?page_id=64"},"modified":"2026-04-11T20:33:49","modified_gmt":"2026-04-11T18:33:49","slug":"bienvenue","status":"publish","type":"page","link":"https:\/\/dden33.org\/arcachon-sud\/","title":{"rendered":"Bienvenue"},"content":{"rendered":"<h5>Les DDEN de la Circonscription d&rsquo;Arcachon Sud\u00a0vous souhaitent la bienvenue sur leur nouveau site d&rsquo;information.<\/h5>\n<h6>Les DDEN de la d\u00e9l\u00e9gation se sont r\u00e9unis le 19 septembre co-pr\u00e9sid\u00e9s par Mme LIEF, IEN de la circonscription, M. NOUVEAU, Pr\u00e9sident d\u00e9partemental et Pr\u00e9sident de l&rsquo;UNION 33 et Mme JEANNOT Pr\u00e9sidente de la d\u00e9l\u00e9gation. Pour lire le compte-rendu de cette r\u00e9union <a href=\"https:\/\/dden33.org\/arcachon-sud\/wp-content\/uploads\/sites\/3\/2025\/09\/arcachon-sud-Compte-rendu-de-la-reunion-de-delegation-DDEN-Arcachon-Sud-du-19-septembre-2025.pdf\"><strong><span style=\"color: #0000ff\">CLIQUEZ ICI\u00a0<\/span><\/strong><\/a><\/h6>\n<h5>Pr\u00e9sentation de la d\u00e9l\u00e9gation\u00a0 \u00a0:\u00a0 \u00a0elle intervient sur les 12 \u00e9coles maternelles, 13 \u00e9coles \u00e9l\u00e9mentaires et 12 \u00e9coles primaires des 9 communes de la Circonscription, qui comprend les villes de la COBAS (Arcachon, La Teste de Buch, Gujan-Mestras et Le Teich) et du Val de l\u2019Eyre (Salles, Belin\ufffeB\u00e9liet, Le Barp, Lugos, et Saint Magne).<\/h5>\n<h6>\u2013 Elle se compose actuellement de 14 d\u00e9l\u00e9gu\u00e9s pour les 37 \u00e9coles publiques, certains assurant leur mission dans plusieurs \u00e9coles pour couvrir presque 75% des \u00e9coles.<br \/>\n\u2013 Ils ont un r\u00f4le de m\u00e9diation entre tous les partenaires de la communaut\u00e9 \u00e9ducative<br \/>\n(Enseignants, Parents d\u2019\u00e9l\u00e8ves, Maires, Inspection de l\u2019\u00c9ducation Nationale. Ils si\u00e8gent en qualit\u00e9 de membres de droit au sein des Conseils d\u2019\u00e9coles.<br \/>\n\u2013 Ils sont nomm\u00e9s pour un mandat de quatre ans par Monsieur le Directeur Acad\u00e9mique des Services de l\u2019\u00c9ducation Nationale (D.A.S.E.N) de la Gironde. Ils sont les seules personnes officiellement autoris\u00e9es \u00e0 p\u00e9n\u00e9trer dans les \u00e9coles, ainsi que le Maire et l\u2019Inspecteur de l\u2019\u00c9ducation Nationale.<\/h6>\n<h6>\u2013 Ont \u00e9t\u00e9 \u00e9lus, pour ce nouveau mandat (de septembre 2025 au 31 ao\u00fbt 2029):<br \/>\n\u2013 Agn\u00e8s JEANNOT \u00e0 la pr\u00e9sidence de la d\u00e9l\u00e9gation, qui si\u00e8ge \u00e9galement au Conseil<br \/>\nd\u2019administration de l\u2019UNION des DDEN de la Gironde.<br \/>\n&#8211; Fran\u00e7oise COINEAU, \u00e0 la vice-pr\u00e9sidence.<br \/>\n\u2014&gt; Pour tout renseignement vous pouvez contacter la Pr\u00e9sidente Mme JEANNOT,<br \/>\nqui vous mettra en contact avec le DDEN de votre \u00e9cole. : ajeannot2000@yahoo.fr<\/h6>\n<table>\n<tbody>\n<tr style=\"border-color: #0070f7;background-color: #0070f7\">\n<td><strong><span style=\"color: #ffffff\">\u00a0<\/span><\/strong><\/td>\n<td style=\"text-align: center\"><strong><span style=\"color: #ffffff\">\u00a0Nom<\/span><\/strong><\/td>\n<td style=\"text-align: center\"><strong><span style=\"color: #ffffff\">eMail<\/span><\/strong><\/td>\n<td style=\"text-align: center\"><strong><span style=\"color: #ffffff\">T\u00e9l\u00e9phone<\/span><\/strong><\/td>\n<\/tr>\n<tr>\n<td style=\"border-color: #0070f7;text-align: right;background-color: #0070f7\"><span style=\"color: #ffffff\"><strong>\u00a0Pr\u00e9sidente<\/strong><\/span><\/td>\n<td style=\"text-align: center\">\u00a0Agn\u00e8s JEANNOT<\/td>\n<td style=\"text-align: center\">ajeannot2000@yahoo.fr<\/td>\n<td style=\"text-align: center\">06 07 30 91 98<\/td>\n<\/tr>\n<tr>\n<td style=\"border-color: #0070f7;text-align: right;background-color: #0070f7\"><span style=\"color: #ffffff\"><strong>\u00a0Vice-Pr\u00e9sidente<\/strong><\/span><\/td>\n<td style=\"text-align: center\">Fran\u00e7oise COINEAU<\/td>\n<td style=\"text-align: center\">francoise.coineau@gmail.com<\/td>\n<td style=\"text-align: center\">06 61 54 27 77<\/td>\n<\/tr>\n<\/tbody>\n<\/table>\n<div id=\"contentsContainer\" class=\"style-scope qowt-page\">\n<div id=\"contents\" class=\"style-scope qowt-page\">\n<h5><span style=\"color: #000000\">R\u00e9unions de Circonscription du 10 Juin 2025 et du<\/span> 30 Septembre 2024, vous pouvez lire leur compte-rendu dans la rubrique Actualit\u00e9s ainsi que les r\u00e9unions pr\u00e9c\u00e9dentes. Les C.R. des r\u00e9unions plus anciennes sont dans la rubrique Archive.<\/h5>\n<\/div>\n<\/div>\n<h5 id=\"E165\" class=\"qowt-stl-Sansinterligne x-scope qowt-word-para-1\"><\/h5>\n<p id=\"E244\" class=\"qowt-stl-Sansinterligne x-scope qowt-word-para-1\">\n","protected":false},"excerpt":{"rendered":"<p>Les DDEN de la Circonscription d&rsquo;Arcachon Sud\u00a0vous souhaitent la bienvenue sur leur nouveau site d&rsquo;information. Les DDEN de la d\u00e9l\u00e9gation se sont r\u00e9unis le 19 septembre co-pr\u00e9sid\u00e9s par Mme LIEF, IEN de la circonscription, M. NOUVEAU, Pr\u00e9sident d\u00e9partemental et Pr\u00e9sident de l&rsquo;UNION 33 et Mme JEANNOT Pr\u00e9sidente de la d\u00e9l\u00e9gation. Pour lire le compte-rendu de &hellip; <a href=\"https:\/\/dden33.org\/arcachon-sud\/\" class=\"more-link\">Continuer la lecture de <span class=\"screen-reader-text\">Bienvenue<\/span> <span class=\"meta-nav\">&rarr;<\/span><\/a><\/p>\n","protected":false},"author":2,"featured_media":0,"parent":0,"menu_order":0,"comment_status":"closed","ping_status":"closed","template":"","meta":{"_bbp_topic_count":0,"_bbp_reply_count":0,"_bbp_total_topic_count":0,"_bbp_total_reply_count":0,"_bbp_voice_count":0,"_bbp_anonymous_reply_count":0,"_bbp_topic_count_hidden":0,"_bbp_reply_count_hidden":0,"_bbp_forum_subforum_count":0,"footnotes":""},"class_list":["post-64","page","type-page","status-publish","hentry"],"jetpack_sharing_enabled":true,"_links":{"self":[{"href":"https:\/\/dden33.org\/arcachon-sud\/wp-json\/wp\/v2\/pages\/64","targetHints":{"allow":["GET"]}}],"collection":[{"href":"https:\/\/dden33.org\/arcachon-sud\/wp-json\/wp\/v2\/pages"}],"about":[{"href":"https:\/\/dden33.org\/arcachon-sud\/wp-json\/wp\/v2\/types\/page"}],"author":[{"embeddable":true,"href":"https:\/\/dden33.org\/arcachon-sud\/wp-json\/wp\/v2\/users\/2"}],"replies":[{"embeddable":true,"href":"https:\/\/dden33.org\/arcachon-sud\/wp-json\/wp\/v2\/comments?post=64"}],"version-history":[{"count":34,"href":"https:\/\/dden33.org\/arcachon-sud\/wp-json\/wp\/v2\/pages\/64\/revisions"}],"predecessor-version":[{"id":479,"href":"https:\/\/dden33.org\/arcachon-sud\/wp-json\/wp\/v2\/pages\/64\/revisions\/479"}],"wp:attachment":[{"href":"https:\/\/dden33.org\/arcachon-sud\/wp-json\/wp\/v2\/media?parent=64"}],"curies":[{"name":"wp","href":"https:\/\/api.w.org\/{rel}","templated":true}]}}

<h5>Les DDEN de la Circonscription d&rsquo;Arcachon Sud vous souhaitent la bienvenue sur leur nouveau site d&rsquo;information.</h5>
<h6>Les DDEN de la délégation se sont réunis le 19 septembre co-présidés par Mme LIEF, IEN de la circonscription, M. NOUVEAU, Président départemental et Président de l&rsquo;UNION 33 et Mme JEANNOT Présidente de la délégation. Pour lire le compte-rendu de cette réunion <a href="https://dden33.org/arcachon-sud/wp-content/uploads/sites/3/2025/09/arcachon-sud-Compte-rendu-de-la-reunion-de-delegation-DDEN-Arcachon-Sud-du-19-septembre-2025.pdf"><strong><span style="color: #0000ff">CLIQUEZ ICI </span></strong></a></h6>
<h5>Présentation de la délégation   :   elle intervient sur les 12 écoles maternelles, 13 écoles élémentaires et 12 écoles primaires des 9 communes de la Circonscription, qui comprend les villes de la COBAS (Arcachon, La Teste de Buch, Gujan-Mestras et Le Teich) et du Val de l’Eyre (Salles, Belin￾Béliet, Le Barp, Lugos, et Saint Magne).</h5>
<h6>– Elle se compose actuellement de 14 délégués pour les 37 écoles publiques, certains assurant leur mission dans plusieurs écoles pour couvrir presque 75% des écoles.<br />
– Ils ont un rôle de médiation entre tous les partenaires de la communauté éducative<br />
(Enseignants, Parents d’élèves, Maires, Inspection de l’Éducation Nationale. Ils siègent en qualité de membres de droit au sein des Conseils d’écoles.<br />
– Ils sont nommés pour un mandat de quatre ans par Monsieur le Directeur Académique des Services de l’Éducation Nationale (D.A.S.E.N) de la Gironde. Ils sont les seules personnes officiellement autorisées à pénétrer dans les écoles, ainsi que le Maire et l’Inspecteur de l’Éducation Nationale.</h6>
<h6>– Ont été élus, pour ce nouveau mandat (de septembre 2025 au 31 août 2029):<br />
– Agnès JEANNOT à la présidence de la délégation, qui siège également au Conseil<br />
d’administration de l’UNION des DDEN de la Gironde.<br />
&#8211; Françoise COINEAU, à la vice-présidence.<br />
—&gt; Pour tout renseignement vous pouvez contacter la Présidente Mme JEANNOT,<br />
qui vous mettra en contact avec le DDEN de votre école. : ajeannot2000@yahoo.fr</h6>
<table>
<tbody>
<tr style="border-color: #0070f7;background-color: #0070f7">
<td><strong><span style="color: #ffffff"> </span></strong></td>
<td style="text-align: center"><strong><span style="color: #ffffff"> Nom</span></strong></td>
<td style="text-align: center"><strong><span style="color: #ffffff">eMail</span></strong></td>
<td style="text-align: center"><strong><span style="color: #ffffff">Téléphone</span></strong></td>
</tr>
<tr>
<td style="border-color: #0070f7;text-align: right;background-color: #0070f7"><span style="color: #ffffff"><strong> Présidente</strong></span></td>
<td style="text-align: center"> Agnès JEANNOT</td>
<td style="text-align: center">ajeannot2000@yahoo.fr</td>
<td style="text-align: center">06 07 30 91 98</td>
</tr>
<tr>
<td style="border-color: #0070f7;text-align: right;background-color: #0070f7"><span style="color: #ffffff"><strong> Vice-Présidente</strong></span></td>
<td style="text-align: center">Françoise COINEAU</td>
<td style="text-align: center">francoise.coineau@gmail.com</td>
<td style="text-align: center">06 61 54 27 77</td>
</tr>
</tbody>
</table>
<div id="contentsContainer" class="style-scope qowt-page">
<div id="contents" class="style-scope qowt-page">
<h5><span style="color: #000000">Réunions de Circonscription du 10 Juin 2025 et du</span> 30 Septembre 2024, vous pouvez lire leur compte-rendu dans la rubrique Actualités ainsi que les réunions précédentes. Les C.R. des réunions plus anciennes sont dans la rubrique Archive.</h5>
</div>
</div>
<h5 id="E165" class="qowt-stl-Sansinterligne x-scope qowt-word-para-1"></h5>
<p id="E244" class="qowt-stl-Sansinterligne x-scope qowt-word-para-1">

<p>Les DDEN de la Circonscription d&rsquo;Arcachon Sud vous souhaitent la bienvenue sur leur nouveau site d&rsquo;information. Les DDEN de la délégation se sont réunis le 19 septembre co-présidés par Mme LIEF, IEN de la circonscription, M. NOUVEAU, Président départemental et Président de l&rsquo;UNION 33 et Mme JEANNOT Présidente de la délégation. Pour lire le compte-rendu de &hellip; <a href="https://dden33.org/arcachon-sud/" class="more-link">Continuer la lecture de <span class="screen-reader-text">Bienvenue</span> <span class="meta-nav">&rarr;</span></a></p>
