{"id":11,"date":"2016-07-04T11:32:30","date_gmt":"2016-07-04T09:32:30","guid":{"rendered":"https:\/\/dden33.org\/entre2mers\/?page_id=11"},"modified":"2026-04-22T18:25:13","modified_gmt":"2026-04-22T16:25:13","slug":"bienvenue","status":"publish","type":"page","link":"https:\/\/dden33.org\/entre2mers\/","title":{"rendered":"Bienvenue"},"content":{"rendered":"<p>L&rsquo;\u00e9quipe des DDEN de la Circonscription de l&rsquo;Entre Deux Mers vous souhaitent la bienvenue sur leur nouveau site d&rsquo;information.<br \/>\n<span style=\"color: #0000ff\"><strong>A LIRE :<\/strong> Initiative de Jean-Luc FEIT, sur la commune de SAINT-LOUBES, pour \u00e9changer et faire r\u00e9gresser le Harc\u00e8lement \u00e0 l&rsquo;\u00e9cole. Voir dans la rubrique Actualit\u00e9s, ci-dessus.<\/span><\/p>\n<div><strong>R\u00e9union de d\u00e9l\u00e9gation du vendredi 28 novembre :<\/strong><\/div>\n<div>1\u00b0 Cette r\u00e9union s&rsquo;est tenue sous la pr\u00e9sidence de Mme Christophe, IEN nouvellement arriv\u00e9e \u00e0 la rentr\u00e9e. Elle nous a pr\u00e9sent\u00e9 un point de situation de la circonscription avec ses points forts et ses difficult\u00e9s. M. Nouveau, pr\u00e9sident de l&rsquo;UD a pr\u00e9sent\u00e9 la situation et les activit\u00e9s des DDEN du d\u00e9partement (journ\u00e9e de la la\u00efcit\u00e9, nature et environnement, r\u00e9sistance, photo &#8230;). M. Feit a pr\u00e9sent\u00e9 les DDEN (2 anciens et 2 nouveaux) de la circonscription.<\/div>\n<div>2\u00b0 M. Feit est reconduit comme pr\u00e9sident de la d\u00e9l\u00e9gation DDEN de l&rsquo;Entre deux Mers, Mme Lambert est \u00e9lue \u00e0 la vice-pr\u00e9sidence.<\/div>\n<div>Page modifi\u00e9e le 1er d\u00e9cembre 2025<\/div>\n<div><\/div>\n<table>\n<tbody>\n<tr style=\"border-color: #0070f7;height: 28px;background-color: #0070f7\">\n<td style=\"height: 28px\"><span style=\"color: #ffffff\">\u00a0<\/span><\/td>\n<td style=\"height: 28px;text-align: center\"><span style=\"color: #ffffff\">Nom pr\u00e9nom<\/span><\/td>\n<td style=\"height: 28px;text-align: center\"><span style=\"color: #ffffff\">eMail<\/span><\/td>\n<td style=\"height: 28px;text-align: center\"><span style=\"color: #ffffff\">T\u00e9l\u00e9phone<\/span><\/td>\n<\/tr>\n<tr style=\"height: 27px\">\n<td style=\"border-color: #0070f7;height: 27px;text-align: right;background-color: #0070f7\"><span style=\"color: #ffffff\">Pr\u00e9sident<\/span><\/td>\n<td style=\"border-color: #ffffff;height: 27px;text-align: center\">Jean-Luc FEIT<\/td>\n<td style=\"border-color: #ffffff;height: 27px;text-align: center\">feitdden@gmail.com<\/td>\n<td style=\"border-color: #ffffff;height: 27px;text-align: center\">\u00a006 88 02 47 06<\/td>\n<\/tr>\n<tr style=\"height: 27px\">\n<td style=\"border-color: #0070f7;height: 27px;text-align: right;background-color: #0070f7\"><span style=\"color: #ffffff\">Vice Pr\u00e9sident<\/span><\/td>\n<td style=\"border-color: #ffffff;height: 27px;text-align: center\">Sylvie LESCARRET<\/td>\n<td style=\"border-color: #ffffff;height: 27px;text-align: center\">syles.perso@gmail.com<\/td>\n<td style=\"border-color: #ffffff;height: 27px;text-align: center\">06 09 84 88 44<\/td>\n<\/tr>\n<\/tbody>\n<\/table>\n","protected":false},"excerpt":{"rendered":"<p>L&rsquo;\u00e9quipe des DDEN de la Circonscription de l&rsquo;Entre Deux Mers vous souhaitent la bienvenue sur leur nouveau site d&rsquo;information. A LIRE : Initiative de Jean-Luc FEIT, sur la commune de SAINT-LOUBES, pour \u00e9changer et faire r\u00e9gresser le Harc\u00e8lement \u00e0 l&rsquo;\u00e9cole. Voir dans la rubrique Actualit\u00e9s, ci-dessus. R\u00e9union de d\u00e9l\u00e9gation du vendredi 28 novembre : 1\u00b0 &hellip; <a href=\"https:\/\/dden33.org\/entre2mers\/\" class=\"more-link\">Continuer la lecture de <span class=\"screen-reader-text\">Bienvenue<\/span> <span class=\"meta-nav\">&rarr;<\/span><\/a><\/p>\n","protected":false},"author":2,"featured_media":0,"parent":0,"menu_order":0,"comment_status":"closed","ping_status":"closed","template":"","meta":{"_bbp_topic_count":0,"_bbp_reply_count":0,"_bbp_total_topic_count":0,"_bbp_total_reply_count":0,"_bbp_voice_count":0,"_bbp_anonymous_reply_count":0,"_bbp_topic_count_hidden":0,"_bbp_reply_count_hidden":0,"_bbp_forum_subforum_count":0,"footnotes":""},"class_list":["post-11","page","type-page","status-publish","hentry"],"_links":{"self":[{"href":"https:\/\/dden33.org\/entre2mers\/wp-json\/wp\/v2\/pages\/11","targetHints":{"allow":["GET"]}}],"collection":[{"href":"https:\/\/dden33.org\/entre2mers\/wp-json\/wp\/v2\/pages"}],"about":[{"href":"https:\/\/dden33.org\/entre2mers\/wp-json\/wp\/v2\/types\/page"}],"author":[{"embeddable":true,"href":"https:\/\/dden33.org\/entre2mers\/wp-json\/wp\/v2\/users\/2"}],"replies":[{"embeddable":true,"href":"https:\/\/dden33.org\/entre2mers\/wp-json\/wp\/v2\/comments?post=11"}],"version-history":[{"count":12,"href":"https:\/\/dden33.org\/entre2mers\/wp-json\/wp\/v2\/pages\/11\/revisions"}],"predecessor-version":[{"id":132,"href":"https:\/\/dden33.org\/entre2mers\/wp-json\/wp\/v2\/pages\/11\/revisions\/132"}],"wp:attachment":[{"href":"https:\/\/dden33.org\/entre2mers\/wp-json\/wp\/v2\/media?parent=11"}],"curies":[{"name":"wp","href":"https:\/\/api.w.org\/{rel}","templated":true}]}}

<p>L&rsquo;équipe des DDEN de la Circonscription de l&rsquo;Entre Deux Mers vous souhaitent la bienvenue sur leur nouveau site d&rsquo;information.<br />
<span style="color: #0000ff"><strong>A LIRE :</strong> Initiative de Jean-Luc FEIT, sur la commune de SAINT-LOUBES, pour échanger et faire régresser le Harcèlement à l&rsquo;école. Voir dans la rubrique Actualités, ci-dessus.</span></p>
<div><strong>Réunion de délégation du vendredi 28 novembre :</strong></div>
<div>1° Cette réunion s&rsquo;est tenue sous la présidence de Mme Christophe, IEN nouvellement arrivée à la rentrée. Elle nous a présenté un point de situation de la circonscription avec ses points forts et ses difficultés. M. Nouveau, président de l&rsquo;UD a présenté la situation et les activités des DDEN du département (journée de la laïcité, nature et environnement, résistance, photo &#8230;). M. Feit a présenté les DDEN (2 anciens et 2 nouveaux) de la circonscription.</div>
<div>2° M. Feit est reconduit comme président de la délégation DDEN de l&rsquo;Entre deux Mers, Mme Lambert est élue à la vice-présidence.</div>
<div>Page modifiée le 1er décembre 2025</div>
<div></div>
<table>
<tbody>
<tr style="border-color: #0070f7;height: 28px;background-color: #0070f7">
<td style="height: 28px"><span style="color: #ffffff"> </span></td>
<td style="height: 28px;text-align: center"><span style="color: #ffffff">Nom prénom</span></td>
<td style="height: 28px;text-align: center"><span style="color: #ffffff">eMail</span></td>
<td style="height: 28px;text-align: center"><span style="color: #ffffff">Téléphone</span></td>
</tr>
<tr style="height: 27px">
<td style="border-color: #0070f7;height: 27px;text-align: right;background-color: #0070f7"><span style="color: #ffffff">Président</span></td>
<td style="border-color: #ffffff;height: 27px;text-align: center">Jean-Luc FEIT</td>
<td style="border-color: #ffffff;height: 27px;text-align: center">feitdden@gmail.com</td>
<td style="border-color: #ffffff;height: 27px;text-align: center"> 06 88 02 47 06</td>
</tr>
<tr style="height: 27px">
<td style="border-color: #0070f7;height: 27px;text-align: right;background-color: #0070f7"><span style="color: #ffffff">Vice Président</span></td>
<td style="border-color: #ffffff;height: 27px;text-align: center">Sylvie LESCARRET</td>
<td style="border-color: #ffffff;height: 27px;text-align: center">syles.perso@gmail.com</td>
<td style="border-color: #ffffff;height: 27px;text-align: center">06 09 84 88 44</td>
</tr>
</tbody>
</table>

<p>L&rsquo;équipe des DDEN de la Circonscription de l&rsquo;Entre Deux Mers vous souhaitent la bienvenue sur leur nouveau site d&rsquo;information. A LIRE : Initiative de Jean-Luc FEIT, sur la commune de SAINT-LOUBES, pour échanger et faire régresser le Harcèlement à l&rsquo;école. Voir dans la rubrique Actualités, ci-dessus. Réunion de délégation du vendredi 28 novembre : 1° &hellip; <a href="https://dden33.org/entre2mers/" class="more-link">Continuer la lecture de <span class="screen-reader-text">Bienvenue</span> <span class="meta-nav">&rarr;</span></a></p>
