{"id":8,"date":"2016-07-07T13:23:35","date_gmt":"2016-07-07T11:23:35","guid":{"rendered":"https:\/\/dden33.org\/lebouscat\/?page_id=8"},"modified":"2026-04-22T18:14:37","modified_gmt":"2026-04-22T16:14:37","slug":"bienvenue","status":"publish","type":"page","link":"https:\/\/dden33.org\/lebouscat\/","title":{"rendered":"Bienvenue \u00e0 Bordeaux 2 et Bruges"},"content":{"rendered":"<p>BORDEAUX 2<\/p>\n<p>L&rsquo;\u00e9quipe des DDEN de la Circonscription de Bordeaux 2 vous souhaite la bienvenue sur son nouveau site d&rsquo;information.<\/p>\n<table style=\"width: 100%\">\n<tbody>\n<tr style=\"border-color: #2eccfa;height: 28px;background-color: #0070f7\">\n<td style=\"height: 28px;width: 27.287%\"><span style=\"color: #ffffff\">\u00a0<\/span><\/td>\n<td style=\"height: 28px;text-align: center;width: 26.183%\"><span style=\"color: #ffffff\">Nom<\/span><\/td>\n<td style=\"height: 28px;text-align: center;width: 17.0347%\"><span style=\"color: #ffffff\">eMail<\/span><\/td>\n<td style=\"height: 28px;text-align: center;width: 29.3375%\"><span style=\"color: #ffffff\">T\u00e9l\u00e9phone<\/span><\/td>\n<\/tr>\n<tr style=\"height: 27px\">\n<td style=\"border-color: #2eccfa;height: 27px;background-color: #0070f7;width: 27.287%;text-align: center\"><span style=\"color: #ffffff\">Pr\u00e9sident<\/span><\/td>\n<td style=\"border-color: #ffffff;height: 27px;text-align: center;width: 26.183%\">Jean-Claude PRADELS<\/td>\n<td style=\"border-color: #ffffff;height: 27px;text-align: center;width: 17.0347%\">jcpradels@gmail.com<\/td>\n<td style=\"border-color: #ffffff;height: 27px;text-align: center;width: 29.3375%\">06 16 88 0179<\/td>\n<\/tr>\n<tr style=\"height: 27px\">\n<td style=\"border-color: #2eccfa;height: 27px;background-color: #0070f7;width: 27.287%;text-align: center\"><span style=\"color: #ffffff\">Vice Pr\u00e9sident<\/span><\/td>\n<td style=\"border-color: #ffffff;height: 27px;text-align: center;width: 26.183%\">Catherine GERBY<\/td>\n<td style=\"border-color: #ffffff;height: 27px;text-align: center;width: 17.0347%\">catherine.gerby@outlook.fr<\/td>\n<td style=\"border-color: #ffffff;height: 27px;text-align: center;width: 29.3375%\">06 20 28 84 11<\/td>\n<\/tr>\n<\/tbody>\n<\/table>\n<p>BRUGES :<\/p>\n<p>L&rsquo;\u00e9quipe des DDEN de la Circonscription, ou d\u00e9l\u00e9gation de Bruges vous souhaite la bienvenue sur son nouveau site d&rsquo;information.<\/p>\n<table>\n<tbody>\n<tr style=\"border-color: #2eccfa;height: 28px;background-color: #0070f7\">\n<td style=\"height: 28px\"><span style=\"color: #ffffff\">\u00a0<\/span><\/td>\n<td style=\"height: 28px;text-align: center\"><span style=\"color: #ffffff\">Nom<\/span><\/td>\n<td style=\"height: 28px;text-align: center\"><span style=\"color: #ffffff\">eMail<\/span><\/td>\n<td style=\"height: 28px;text-align: center\"><span style=\"color: #ffffff\">T\u00e9l\u00e9phone<\/span><\/td>\n<\/tr>\n<tr style=\"height: 27px\">\n<td style=\"border-color: #2eccfa;height: 27px;text-align: right;background-color: #0070f7\"><span style=\"color: #ffffff\">Pr\u00e9sident<\/span><\/td>\n<td style=\"border-color: #ffffff;height: 27px;text-align: center\">Janine DARROUZES<\/td>\n<td style=\"border-color: #ffffff;height: 27px;text-align: center\">j.darrouzes@orange.fr<\/td>\n<td style=\"border-color: #ffffff;height: 27px;text-align: center\">06 81 87 41 85<\/td>\n<\/tr>\n<tr style=\"height: 27px\">\n<td style=\"border-color: #2eccfa;height: 27px;text-align: right;background-color: #0070f7\"><span style=\"color: #ffffff\">Vice Pr\u00e9sident<\/span><\/td>\n<td style=\"border-color: #ffffff;height: 27px;text-align: center\">Fran\u00e7oise MOUCHAGUE<\/td>\n<td style=\"border-color: #ffffff;height: 27px;text-align: center\">francoise.mouchague@free.fr<\/td>\n<td style=\"border-color: #ffffff;height: 27px;text-align: center\">\u00a006 31 04 47 01<\/td>\n<\/tr>\n<\/tbody>\n<\/table>\n","protected":false},"excerpt":{"rendered":"<p>BORDEAUX 2 L&rsquo;\u00e9quipe des DDEN de la Circonscription de Bordeaux 2 vous souhaite la bienvenue sur son nouveau site d&rsquo;information. \u00a0 Nom eMail T\u00e9l\u00e9phone Pr\u00e9sident Jean-Claude PRADELS jcpradels@gmail.com 06 16 88 0179 Vice Pr\u00e9sident Catherine GERBY catherine.gerby@outlook.fr 06 20 28 84 11 BRUGES : L&rsquo;\u00e9quipe des DDEN de la Circonscription, ou d\u00e9l\u00e9gation de Bruges vous &hellip; <a href=\"https:\/\/dden33.org\/lebouscat\/\" class=\"more-link\">Continuer la lecture de <span class=\"screen-reader-text\">Bienvenue \u00e0 Bordeaux 2 et Bruges<\/span> <span class=\"meta-nav\">&rarr;<\/span><\/a><\/p>\n","protected":false},"author":2,"featured_media":0,"parent":0,"menu_order":0,"comment_status":"closed","ping_status":"closed","template":"","meta":{"_bbp_topic_count":0,"_bbp_reply_count":0,"_bbp_total_topic_count":0,"_bbp_total_reply_count":0,"_bbp_voice_count":0,"_bbp_anonymous_reply_count":0,"_bbp_topic_count_hidden":0,"_bbp_reply_count_hidden":0,"_bbp_forum_subforum_count":0,"footnotes":""},"class_list":["post-8","page","type-page","status-publish","hentry"],"_links":{"self":[{"href":"https:\/\/dden33.org\/lebouscat\/wp-json\/wp\/v2\/pages\/8","targetHints":{"allow":["GET"]}}],"collection":[{"href":"https:\/\/dden33.org\/lebouscat\/wp-json\/wp\/v2\/pages"}],"about":[{"href":"https:\/\/dden33.org\/lebouscat\/wp-json\/wp\/v2\/types\/page"}],"author":[{"embeddable":true,"href":"https:\/\/dden33.org\/lebouscat\/wp-json\/wp\/v2\/users\/2"}],"replies":[{"embeddable":true,"href":"https:\/\/dden33.org\/lebouscat\/wp-json\/wp\/v2\/comments?post=8"}],"version-history":[{"count":13,"href":"https:\/\/dden33.org\/lebouscat\/wp-json\/wp\/v2\/pages\/8\/revisions"}],"predecessor-version":[{"id":169,"href":"https:\/\/dden33.org\/lebouscat\/wp-json\/wp\/v2\/pages\/8\/revisions\/169"}],"wp:attachment":[{"href":"https:\/\/dden33.org\/lebouscat\/wp-json\/wp\/v2\/media?parent=8"}],"curies":[{"name":"wp","href":"https:\/\/api.w.org\/{rel}","templated":true}]}}