{"id":8,"date":"2016-07-10T16:43:43","date_gmt":"2016-07-10T14:43:43","guid":{"rendered":"https:\/\/dden33.org\/standre\/?page_id=8"},"modified":"2026-04-22T18:44:26","modified_gmt":"2026-04-22T16:44:26","slug":"bienvenue","status":"publish","type":"page","link":"https:\/\/dden33.org\/standre\/","title":{"rendered":"Bienvenue"},"content":{"rendered":"<p>L&rsquo;\u00e9quipe des DDEN de la Circonscription de\u00a0Saint Andr\u00e9 de Cubzac\u00a0vous souhaitent la bienvenue sur leur nouveau site d&rsquo;information.<\/p>\n<table>\n<tbody>\n<tr style=\"border-color: #0070f7;height: 28px;background-color: #0070f7\">\n<td style=\"height: 28px\"><span style=\"color: #ffffff\">\u00a0<\/span><\/td>\n<td style=\"height: 28px;text-align: center\"><span style=\"color: #ffffff\">Nom<\/span><\/td>\n<td style=\"height: 28px;text-align: center\"><span style=\"color: #ffffff\">eMail<\/span><\/td>\n<td style=\"height: 28px;text-align: center\"><span style=\"color: #ffffff\">T\u00e9l\u00e9phone<\/span><\/td>\n<\/tr>\n<tr style=\"height: 27px\">\n<td style=\"border-color: #0070f7;height: 27px;text-align: right;background-color: #0070f7\"><span style=\"color: #ffffff\">Pr\u00e9sidente<\/span><\/td>\n<td style=\"border-color: #ffffff;height: 27px;text-align: center\">Bernadette BOUDIN<\/td>\n<td style=\"border-color: #ffffff;height: 27px;text-align: center\">\u00a0bernadette.boudin@sfr.fr<\/td>\n<td style=\"border-color: #ffffff;height: 27px;text-align: center\">06 11 37 29 00<\/td>\n<\/tr>\n<tr style=\"height: 27px\">\n<td style=\"border-color: #0070f7;height: 27px;text-align: right;background-color: #0070f7\"><span style=\"color: #ffffff\">Vice Pr\u00e9sident<\/span><\/td>\n<td style=\"border-color: #ffffff;height: 27px;text-align: center\">Jean-Philippe JOYAT<\/td>\n<td style=\"border-color: #ffffff;height: 27px;text-align: center\">philippe.joyat@wanadoo.fr<\/td>\n<td style=\"border-color: #ffffff;height: 27px;text-align: center\">\u00a006 72 25 70 23<\/td>\n<\/tr>\n<\/tbody>\n<\/table>\n","protected":false},"excerpt":{"rendered":"<p>L&rsquo;\u00e9quipe des DDEN de la Circonscription de\u00a0Saint Andr\u00e9 de Cubzac\u00a0vous souhaitent la bienvenue sur leur nouveau site d&rsquo;information. \u00a0 Nom eMail T\u00e9l\u00e9phone Pr\u00e9sidente Bernadette BOUDIN \u00a0bernadette.boudin@sfr.fr 06 11 37 29 00 Vice Pr\u00e9sident Jean-Philippe JOYAT philippe.joyat@wanadoo.fr \u00a006 72 25 70 23<\/p>\n","protected":false},"author":2,"featured_media":0,"parent":0,"menu_order":0,"comment_status":"closed","ping_status":"closed","template":"","meta":{"_bbp_topic_count":0,"_bbp_reply_count":0,"_bbp_total_topic_count":0,"_bbp_total_reply_count":0,"_bbp_voice_count":0,"_bbp_anonymous_reply_count":0,"_bbp_topic_count_hidden":0,"_bbp_reply_count_hidden":0,"_bbp_forum_subforum_count":0,"footnotes":""},"class_list":["post-8","page","type-page","status-publish","hentry"],"_links":{"self":[{"href":"https:\/\/dden33.org\/standre\/wp-json\/wp\/v2\/pages\/8","targetHints":{"allow":["GET"]}}],"collection":[{"href":"https:\/\/dden33.org\/standre\/wp-json\/wp\/v2\/pages"}],"about":[{"href":"https:\/\/dden33.org\/standre\/wp-json\/wp\/v2\/types\/page"}],"author":[{"embeddable":true,"href":"https:\/\/dden33.org\/standre\/wp-json\/wp\/v2\/users\/2"}],"replies":[{"embeddable":true,"href":"https:\/\/dden33.org\/standre\/wp-json\/wp\/v2\/comments?post=8"}],"version-history":[{"count":4,"href":"https:\/\/dden33.org\/standre\/wp-json\/wp\/v2\/pages\/8\/revisions"}],"predecessor-version":[{"id":255,"href":"https:\/\/dden33.org\/standre\/wp-json\/wp\/v2\/pages\/8\/revisions\/255"}],"wp:attachment":[{"href":"https:\/\/dden33.org\/standre\/wp-json\/wp\/v2\/media?parent=8"}],"curies":[{"name":"wp","href":"https:\/\/api.w.org\/{rel}","templated":true}]}}

<p>L&rsquo;équipe des DDEN de la Circonscription de Saint André de Cubzac vous souhaitent la bienvenue sur leur nouveau site d&rsquo;information.</p>
<table>
<tbody>
<tr style="border-color: #0070f7;height: 28px;background-color: #0070f7">
<td style="height: 28px"><span style="color: #ffffff"> </span></td>
<td style="height: 28px;text-align: center"><span style="color: #ffffff">Nom</span></td>
<td style="height: 28px;text-align: center"><span style="color: #ffffff">eMail</span></td>
<td style="height: 28px;text-align: center"><span style="color: #ffffff">Téléphone</span></td>
</tr>
<tr style="height: 27px">
<td style="border-color: #0070f7;height: 27px;text-align: right;background-color: #0070f7"><span style="color: #ffffff">Présidente</span></td>
<td style="border-color: #ffffff;height: 27px;text-align: center">Bernadette BOUDIN</td>
<td style="border-color: #ffffff;height: 27px;text-align: center"> bernadette.boudin@sfr.fr</td>
<td style="border-color: #ffffff;height: 27px;text-align: center">06 11 37 29 00</td>
</tr>
<tr style="height: 27px">
<td style="border-color: #0070f7;height: 27px;text-align: right;background-color: #0070f7"><span style="color: #ffffff">Vice Président</span></td>
<td style="border-color: #ffffff;height: 27px;text-align: center">Jean-Philippe JOYAT</td>
<td style="border-color: #ffffff;height: 27px;text-align: center">philippe.joyat@wanadoo.fr</td>
<td style="border-color: #ffffff;height: 27px;text-align: center"> 06 72 25 70 23</td>
</tr>
</tbody>
</table>

<p>L&rsquo;équipe des DDEN de la Circonscription de Saint André de Cubzac vous souhaitent la bienvenue sur leur nouveau site d&rsquo;information.   Nom eMail Téléphone Présidente Bernadette BOUDIN  bernadette.boudin@sfr.fr 06 11 37 29 00 Vice Président Jean-Philippe JOYAT philippe.joyat@wanadoo.fr  06 72 25 70 23</p>
