{"id":8,"date":"2017-08-10T14:15:02","date_gmt":"2017-08-10T12:15:02","guid":{"rendered":"https:\/\/dden33.org\/sud-entre-deux-mers\/?page_id=8"},"modified":"2026-04-22T18:49:01","modified_gmt":"2026-04-22T16:49:01","slug":"bienvenue","status":"publish","type":"page","link":"https:\/\/dden33.org\/sud-entre-deux-mers\/","title":{"rendered":"Bienvenue"},"content":{"rendered":"<p>L&rsquo;\u00e9quipe des DDEN de la Circonscription de Sud Entre Deux Mers vous souhaitent la bienvenue sur leur nouveau site d&rsquo;information.<\/p>\n<table>\n<tbody>\n<tr style=\"border-color: #0070f7;height: 28px;background-color: #0070f7\">\n<td style=\"height: 28px\"><span style=\"color: #ffffff\">\u00a0<\/span><\/td>\n<td style=\"height: 28px;text-align: center\"><span style=\"color: #ffffff\">Nom<\/span><\/td>\n<td style=\"height: 28px;text-align: center\"><span style=\"color: #ffffff\">eMail<\/span><\/td>\n<td style=\"height: 28px;text-align: center\"><span style=\"color: #ffffff\">T\u00e9l\u00e9phone<\/span><\/td>\n<\/tr>\n<tr style=\"height: 27px\">\n<td style=\"border-color: #0070f7;height: 27px;text-align: right;background-color: #0070f7\"><span style=\"color: #ffffff\">Pr\u00e9sident<\/span><\/td>\n<td style=\"border-color: #ffffff;height: 27px;text-align: center\">Philippe HEBRARD<\/td>\n<td style=\"border-color: #ffffff;height: 27px;text-align: center\">\u00a0philhebrard@yahoo.fr<\/td>\n<td style=\"border-color: #ffffff;height: 27px;text-align: center\">06 89 59 80 87<\/td>\n<\/tr>\n<tr style=\"height: 27px\">\n<td style=\"border-color: #0070f7;height: 27px;text-align: right;background-color: #0070f7\"><span style=\"color: #ffffff\">Vice Pr\u00e9sidente<\/span><\/td>\n<td style=\"border-color: #ffffff;height: 27px;text-align: center\">Martine DELONG<\/td>\n<td style=\"border-color: #ffffff;height: 27px;text-align: center\">martine.delong@wanadoo.fr<\/td>\n<td style=\"border-color: #ffffff;height: 27px;text-align: center\">06 78 05 06 53<\/td>\n<\/tr>\n<\/tbody>\n<\/table>\n","protected":false},"excerpt":{"rendered":"<p>L&rsquo;\u00e9quipe des DDEN de la Circonscription de Sud Entre Deux Mers vous souhaitent la bienvenue sur leur nouveau site d&rsquo;information. \u00a0 Nom eMail T\u00e9l\u00e9phone Pr\u00e9sident Philippe HEBRARD \u00a0philhebrard@yahoo.fr 06 89 59 80 87 Vice Pr\u00e9sidente Martine DELONG martine.delong@wanadoo.fr 06 78 05 06 53<\/p>\n","protected":false},"author":2,"featured_media":0,"parent":0,"menu_order":0,"comment_status":"closed","ping_status":"closed","template":"","meta":{"_bbp_topic_count":0,"_bbp_reply_count":0,"_bbp_total_topic_count":0,"_bbp_total_reply_count":0,"_bbp_voice_count":0,"_bbp_anonymous_reply_count":0,"_bbp_topic_count_hidden":0,"_bbp_reply_count_hidden":0,"_bbp_forum_subforum_count":0,"footnotes":""},"class_list":["post-8","page","type-page","status-publish","hentry"],"_links":{"self":[{"href":"https:\/\/dden33.org\/sud-entre-deux-mers\/wp-json\/wp\/v2\/pages\/8","targetHints":{"allow":["GET"]}}],"collection":[{"href":"https:\/\/dden33.org\/sud-entre-deux-mers\/wp-json\/wp\/v2\/pages"}],"about":[{"href":"https:\/\/dden33.org\/sud-entre-deux-mers\/wp-json\/wp\/v2\/types\/page"}],"author":[{"embeddable":true,"href":"https:\/\/dden33.org\/sud-entre-deux-mers\/wp-json\/wp\/v2\/users\/2"}],"replies":[{"embeddable":true,"href":"https:\/\/dden33.org\/sud-entre-deux-mers\/wp-json\/wp\/v2\/comments?post=8"}],"version-history":[{"count":4,"href":"https:\/\/dden33.org\/sud-entre-deux-mers\/wp-json\/wp\/v2\/pages\/8\/revisions"}],"predecessor-version":[{"id":213,"href":"https:\/\/dden33.org\/sud-entre-deux-mers\/wp-json\/wp\/v2\/pages\/8\/revisions\/213"}],"wp:attachment":[{"href":"https:\/\/dden33.org\/sud-entre-deux-mers\/wp-json\/wp\/v2\/media?parent=8"}],"curies":[{"name":"wp","href":"https:\/\/api.w.org\/{rel}","templated":true}]}}

<p>L&rsquo;équipe des DDEN de la Circonscription de Sud Entre Deux Mers vous souhaitent la bienvenue sur leur nouveau site d&rsquo;information.</p>
<table>
<tbody>
<tr style="border-color: #0070f7;height: 28px;background-color: #0070f7">
<td style="height: 28px"><span style="color: #ffffff"> </span></td>
<td style="height: 28px;text-align: center"><span style="color: #ffffff">Nom</span></td>
<td style="height: 28px;text-align: center"><span style="color: #ffffff">eMail</span></td>
<td style="height: 28px;text-align: center"><span style="color: #ffffff">Téléphone</span></td>
</tr>
<tr style="height: 27px">
<td style="border-color: #0070f7;height: 27px;text-align: right;background-color: #0070f7"><span style="color: #ffffff">Président</span></td>
<td style="border-color: #ffffff;height: 27px;text-align: center">Philippe HEBRARD</td>
<td style="border-color: #ffffff;height: 27px;text-align: center"> philhebrard@yahoo.fr</td>
<td style="border-color: #ffffff;height: 27px;text-align: center">06 89 59 80 87</td>
</tr>
<tr style="height: 27px">
<td style="border-color: #0070f7;height: 27px;text-align: right;background-color: #0070f7"><span style="color: #ffffff">Vice Présidente</span></td>
<td style="border-color: #ffffff;height: 27px;text-align: center">Martine DELONG</td>
<td style="border-color: #ffffff;height: 27px;text-align: center">martine.delong@wanadoo.fr</td>
<td style="border-color: #ffffff;height: 27px;text-align: center">06 78 05 06 53</td>
</tr>
</tbody>
</table>

<p>L&rsquo;équipe des DDEN de la Circonscription de Sud Entre Deux Mers vous souhaitent la bienvenue sur leur nouveau site d&rsquo;information.   Nom eMail Téléphone Président Philippe HEBRARD  philhebrard@yahoo.fr 06 89 59 80 87 Vice Présidente Martine DELONG martine.delong@wanadoo.fr 06 78 05 06 53</p>
