{"id":611,"date":"2016-07-02T14:15:50","date_gmt":"2016-07-02T12:15:50","guid":{"rendered":"https:\/\/dden33.org\/talence\/?page_id=611"},"modified":"2026-04-12T14:31:29","modified_gmt":"2026-04-12T12:31:29","slug":"bienvenue","status":"publish","type":"page","link":"https:\/\/dden33.org\/talence\/","title":{"rendered":"Bienvenue"},"content":{"rendered":"<p>L&rsquo;\u00e9quipe des DDEN de la Circonscription de Talence vous souhaitent la bienvenue sur leur nouveau site d&rsquo;information.<\/p>\n<table>\n<tbody>\n<tr style=\"border-color: #2eccfa;height: 28px;background-color: #0070f7\">\n<td style=\"height: 28px\"><span style=\"color: #ffffff\">\u00a0<\/span><\/td>\n<td style=\"height: 28px;text-align: center\"><span style=\"color: #ffffff\">Nom<\/span><\/td>\n<td style=\"height: 28px;text-align: center\"><span style=\"color: #ffffff\">eMail<\/span><\/td>\n<td style=\"height: 28px;text-align: center\"><span style=\"color: #ffffff\">T\u00e9l\u00e9phone<\/span><\/td>\n<\/tr>\n<tr style=\"height: 27px\">\n<td style=\"border-color: #0070f7;height: 27px;text-align: right;background-color: #0070f7\"><span style=\"color: #ffffff\">Pr\u00e9sidente<\/span><\/td>\n<td style=\"border-color: #ffffff;height: 27px;text-align: center\">\u00a0Claude LATRILLE<\/td>\n<td style=\"border-color: #ffffff;height: 27px;text-align: center\">\u00a0cl.latrille@wanadoo.fr<\/td>\n<td style=\"border-color: #ffffff;height: 27px;text-align: center\">05 56 75 93 15<\/td>\n<\/tr>\n<tr style=\"height: 27px\">\n<td style=\"border-color: #0070f7;height: 27px;text-align: right;background-color: #0070f7\"><span style=\"color: #ffffff\">Vice Pr\u00e9sident<\/span><\/td>\n<td style=\"border-color: #ffffff;height: 27px;text-align: center\">Fran\u00e7oise BESANCON<\/td>\n<td style=\"border-color: #ffffff;height: 27px;text-align: center\">feta.besancon@sfr.fr<\/td>\n<td style=\"border-color: #ffffff;height: 27px;text-align: center\">05 57 96 66 81<\/td>\n<\/tr>\n<\/tbody>\n<\/table>\n","protected":false},"excerpt":{"rendered":"<p>L&rsquo;\u00e9quipe des DDEN de la Circonscription de Talence vous souhaitent la bienvenue sur leur nouveau site d&rsquo;information. \u00a0 Nom eMail T\u00e9l\u00e9phone Pr\u00e9sidente \u00a0Claude LATRILLE \u00a0cl.latrille@wanadoo.fr 05 56 75 93 15 Vice Pr\u00e9sident Fran\u00e7oise BESANCON feta.besancon@sfr.fr 05 57 96 66 81<\/p>\n","protected":false},"author":2,"featured_media":0,"parent":0,"menu_order":0,"comment_status":"closed","ping_status":"closed","template":"","meta":{"_bbp_topic_count":0,"_bbp_reply_count":0,"_bbp_total_topic_count":0,"_bbp_total_reply_count":0,"_bbp_voice_count":0,"_bbp_anonymous_reply_count":0,"_bbp_topic_count_hidden":0,"_bbp_reply_count_hidden":0,"_bbp_forum_subforum_count":0,"footnotes":""},"class_list":["post-611","page","type-page","status-publish","hentry"],"_links":{"self":[{"href":"https:\/\/dden33.org\/talence\/wp-json\/wp\/v2\/pages\/611","targetHints":{"allow":["GET"]}}],"collection":[{"href":"https:\/\/dden33.org\/talence\/wp-json\/wp\/v2\/pages"}],"about":[{"href":"https:\/\/dden33.org\/talence\/wp-json\/wp\/v2\/types\/page"}],"author":[{"embeddable":true,"href":"https:\/\/dden33.org\/talence\/wp-json\/wp\/v2\/users\/2"}],"replies":[{"embeddable":true,"href":"https:\/\/dden33.org\/talence\/wp-json\/wp\/v2\/comments?post=611"}],"version-history":[{"count":11,"href":"https:\/\/dden33.org\/talence\/wp-json\/wp\/v2\/pages\/611\/revisions"}],"predecessor-version":[{"id":735,"href":"https:\/\/dden33.org\/talence\/wp-json\/wp\/v2\/pages\/611\/revisions\/735"}],"wp:attachment":[{"href":"https:\/\/dden33.org\/talence\/wp-json\/wp\/v2\/media?parent=611"}],"curies":[{"name":"wp","href":"https:\/\/api.w.org\/{rel}","templated":true}]}}

<p>L&rsquo;équipe des DDEN de la Circonscription de Talence vous souhaitent la bienvenue sur leur nouveau site d&rsquo;information.</p>
<table>
<tbody>
<tr style="border-color: #2eccfa;height: 28px;background-color: #0070f7">
<td style="height: 28px"><span style="color: #ffffff"> </span></td>
<td style="height: 28px;text-align: center"><span style="color: #ffffff">Nom</span></td>
<td style="height: 28px;text-align: center"><span style="color: #ffffff">eMail</span></td>
<td style="height: 28px;text-align: center"><span style="color: #ffffff">Téléphone</span></td>
</tr>
<tr style="height: 27px">
<td style="border-color: #0070f7;height: 27px;text-align: right;background-color: #0070f7"><span style="color: #ffffff">Présidente</span></td>
<td style="border-color: #ffffff;height: 27px;text-align: center"> Claude LATRILLE</td>
<td style="border-color: #ffffff;height: 27px;text-align: center"> cl.latrille@wanadoo.fr</td>
<td style="border-color: #ffffff;height: 27px;text-align: center">05 56 75 93 15</td>
</tr>
<tr style="height: 27px">
<td style="border-color: #0070f7;height: 27px;text-align: right;background-color: #0070f7"><span style="color: #ffffff">Vice Président</span></td>
<td style="border-color: #ffffff;height: 27px;text-align: center">Françoise BESANCON</td>
<td style="border-color: #ffffff;height: 27px;text-align: center">feta.besancon@sfr.fr</td>
<td style="border-color: #ffffff;height: 27px;text-align: center">05 57 96 66 81</td>
</tr>
</tbody>
</table>

<p>L&rsquo;équipe des DDEN de la Circonscription de Talence vous souhaitent la bienvenue sur leur nouveau site d&rsquo;information.   Nom eMail Téléphone Présidente  Claude LATRILLE  cl.latrille@wanadoo.fr 05 56 75 93 15 Vice Président Françoise BESANCON feta.besancon@sfr.fr 05 57 96 66 81</p>
